ded by 14.
13
Let a be ((-22)/(-3))/(2/3). Suppose -3*i - y = -a - 3, 0 = -2*i + 5*y - 19. Calculate the remainder when 6 is divided by i.
0
Let v(y) = 25*y + 1. Let k(q) = -8*q. Let d(b) = -7*k(b) - 2*v(b). Calculate the remainder when 59 is divided by d(2).
9
Let m(g) = g**3 - g**2 - g + 1. Calculate the remainder when m(3) is divided by -4 - -1 - (-180)/15.
7
Let u(l) = l**2 - l + 2. What is the remainder when 38 is divided by u(-2)?
6
Let o = -63 + 74. Calculate the remainder when o is divided by 6.
5
Let l = 11 + -6. Let p be 2/l - 32/5. Let h(b) = -b + 2. What is the remainder when 30 is divided by h(p)?
6
Let p = -19 - -27. Suppose -5*z + 7 + p = 0. Calculate the remainder when z is divided by 3.
0
Let c(z) = 2*z + 54. Let x = 49 + 56. Suppose -5*n + x = m, -3*m = 4*n - 17 - 56. Calculate the remainder when c(-6) is divided by n.
20
Suppose -2*o + 1 = -o, -4*l - 4*o = -100. What is the remainder when l is divided by 13?
11
Let j = 51 - 29. What is the remainder when 56 is divided by j?
12
What is the remainder when (-36)/(-2)*220/30 is divided by 27?
24
Let b be 6*2/9*36. Suppose 3*x - b = -5*k - 0*x, -2 = -2*x. What is the remainder when 16 is divided by k?
7
Suppose x = -0*x + 24. What is the remainder when 71 is divided by x?
23
Suppose 0*j - 3*j = -g - 44, -3*j - 4*g + 49 = 0. What is the remainder when (-346)/(-8) + (-10)/40 is divided by j?
13
Let y = -10 + 15. Let j = -1 + -1. What is the remainder when 0 + 3 + (-22)/j is divided by y?
4
Calculate the remainder when 91 is divided by (-22)/(-4 - -3) + 1.
22
Suppose 0 = -2*k - 65 - 23. Let r = k - -87. Calculate the remainder when r is divided by 15.
13
Suppose -5*t + 54 = -3*v, -3*t = -3*v - 2*v - 26. Let k be ((-51)/(-2))/(3/(-6)). Let m = -28 - k. What is the remainder when m is divided by t?
11
Calculate the remainder when (28/(-6))/((-8)/12) is divided by 2.
1
Let b = -17 - -36. What is the remainder when 54 is divided by b?
16
Suppose -4*z + 4 = 0, 0 = -5*p - 3*z + 18 + 20. Calculate the remainder when 31 is divided by p.
3
Suppose -1 = -u + 4, 1 = l - 2*u. What is the remainder when 96 is divided by l?
8
Let t = 1 - 8. Let b = t + 13. What is the remainder when 22 is divided by b?
4
Let b = 124 - 25. What is the remainder when b is divided by 27?
18
Let k = -7 + 14. Suppose -i + 9 = -23. What is the remainder when i is divided by k?
4
Suppose 3*p - 218 = 31. Calculate the remainder when p is divided by -1 + (-1 - (-30 - 0)).
27
Let l = 56 + -42. What is the remainder when 24 is divided by l?
10
Let m be (-10)/(-15) + (-10)/(-3). Suppose -m = -3*j + 11. What is the remainder when 18 is divided by j?
3
Suppose -46 = -5*j + 79. Let v be (-16)/(-9) + 4/18. Suppose 2*d - 7 = -v*r + 1, -4*d - 2*r = -26. Calculate the remainder when j is divided by d.
7
Calculate the remainder when 313 is divided by 224/24*18/8.
19
Suppose -46 = -3*c + 3*x - 4, 3*c = x + 48. Let i(m) = -4*m - 3. Let w be i(-4). Let k = w + -8. What is the remainder when c is divided by k?
2
Let j = -140 + 291. What is the remainder when j is divided by 11?
8
What is the remainder when -3 - (-61 - (3 + 0)) is divided by 21?
19
Let f = 17 + -4. Let z = f + -7. Calculate the remainder when 9 is divided by z.
3
Calculate the remainder when 28/(-6)*72/(-3) is divided by 19.
17
Calculate the remainder when 69 is divided by (-165)/(-11)*(-1 + 10/3).
34
Let v(i) = -i + 8. Let g be v(9). What is the remainder when 31 is divided by 1/(g - 0)*-8?
7
Let z be 13 + (-2)/(-1 + 0). Let c = 28 - z. What is the remainder when 38 is divided by c?
12
Let s be 213/15 + 3/(-15). Suppose -22 = -4*y + s. What is the remainder when 24 is divided by y?
6
Let u(d) = d**2 + d - 1. Let r(b) = 7*b**3 - 4*b**2 - 2*b + 3. Let z(v) = r(v) + 2*u(v). Calculate the remainder when 9 is divided by z(1).
3
Let z(g) = 5*g**2. Let b(l) = -l**3 + 11*l**2 - 10*l. Let o be b(10). Let r = o - 1. Calculate the remainder when 8 is divided by z(r).
3
Let c(g) be the second derivative of g**5/20 - g**4/6 + g**3/3 + g**2/2 + 3*g. Calculate the remainder when 8 is divided by c(2).
3
Let k = -10 - -26. Calculate the remainder when 63 is divided by k.
15
Suppose -2*u + 14 = 2*t, -5*u - 15 = -3*t - 2*u. Suppose -t*l + 74 = -l + 2*a, 3*a - 6 = 0. What is the remainder when l is divided by 8?
6
Let u be -215 + (-12)/16*-4. Calculate the remainder when 45 is divided by u/(-18) + 18/81.
9
Suppose 33 = j + 20. What is the remainder when 25 is divided by j?
12
Suppose -4*a = -2*a - 32. Suppose 2*r + 5*n - 16 = 20, -a = -3*r + 2*n. What is the remainder when r is divided by 4/(-10) - (-51)/15?
2
Suppose 10 = 3*f + 2*f, 5*q - 78 = f. Suppose 0*d = -4*d + q. Calculate the remainder when d is divided by (-69)/(-21) + (-2)/7.
1
Suppose 0 = 16*s - 12*s - 4. Calculate the remainder when 5 is divided by s.
0
Let w(v) = v**3 - v**2 + v - 2. Let p be w(3). Let x = 11 + p. Calculate the remainder when x is divided by 17.
13
Suppose 2*c + 5*l = 6 + 7, -l = -3*c + 11. What is the remainder when 11 is divided by c?
3
Let q be 8*4 + (-2)/1. Let j = q - 17. Suppose 0 = 4*i - 52 - 44. What is the remainder when i is divided by j?
11
Suppose 0 = -y - 4*x + 26, 0 = 3*y + 4*x + 11 - 73. What is the remainder when 71 is divided by y?
17
What is the remainder when 33 is divided by (-3)/4 + (-408)/(-32)?
9
Suppose 0 = -3*z - 2*z - 5. Let p = z + -4. Let y(x) = -x**3 - 3*x**2 - x - 7. What is the remainder when y(p) is divided by 17?
14
Let n be ((-2)/2)/(3/(-303)). Suppose -4*c = -n - 163. Calculate the remainder when c is divided by 17.
15
Suppose -2*z - 1 = -4*s + 1, 5*s + z - 20 = 0. Suppose -s*u - 55 = -8*u. What is the remainder when 10*(-1 + 1 + 2) is divided by u?
9
Suppose -6 = -5*r + 2*b, -4*r = 2*b - 1 + 7. Suppose -20 = -5*n + 2*v, r = 3*n - 0*n + 5*v + 19. What is the remainder when 31 is divided by (3 - n) + 10 - 0?
9
Let b be 9/(-3)*20/(-12). Suppose 5*r = r. Let g = b - r. What is the remainder when 13 is divided by g?
3
Suppose -3*b + 15 = 5*x, -9*b = -4*b. Suppose 0 = 4*a - 2*s + 10 - 28, 5*a + s = 12. What is the remainder when a is divided by x?
0
Let l = 0 + 3. Let d be l/3 - -1 - -10. Suppose 4 = -i + d. Calculate the remainder when i is divided by 5.
3
Let b = 150 + -100. Suppose -3*k + 4*j + b + 12 = 0, -k + 2*j = -20. Suppose 12 = -0*c + c. What is the remainder when k is divided by c?
10
Suppose 6*a - 71 = 37. Suppose 2*w - 3*w - m + 258 = 0, -2*m = w - 256. Suppose 3*p + 2*p - w = 0. Calculate the remainder when p is divided by a.
16
Let q(s) = s**3 + 12. Calculate the remainder when 59 is divided by q(0).
11
Let k(t) = t**3 - 11*t**2 + 9*t + 12. What is the remainder when 4 is divided by k(10)?
0
What is the remainder when 3 is divided by (-2)/((3 - 5)/2)?
1
Suppose 0 = -6*w + w - 4*x + 92, w = x + 22. Let b be 1 + 0 - (0 + 0). What is the remainder when w is divided by b/2*11*2?
9
Calculate the remainder when 50 is divided by (-10)/(-20) - (-51)/2.
24
Suppose 0*i = -2*i + 42. Let g(t) = -2*t**3 - 6*t**2 - 3*t - 3. Calculate the remainder when g(-4) is divided by i.
20
Let y(z) = z + 24. What is the remainder when y(7) is divided by 11?
9
Let a be 74/(-8) + 3/12. Let v = -4 - a. Suppose -3*i + 5*w - 16 = -4*i, 0 = v*i + 3*w - 36. What is the remainder when 17 is divided by i?
5
Suppose 2*l + v - 124 = 0, 0*v - 3*v - 124 = -2*l. What is the remainder when l is divided by 16?
14
Let w = 30 - 10. What is the remainder when 564/15 - 12/w is divided by 19?
18
Calculate the remainder when 14 is divided by -1 + 0 + 11 + (-4)/2.
6
Calculate the remainder when 17 is divided by -2 - -8 - (-3)/1.
8
Let i(c) = c**2 - c + 8. Let n be i(0). Suppose -n = -3*f + 4. Suppose 0 = 3*m - k - 36, 67 = 5*m - 3*k - k. Calculate the remainder when m is divided by f.
3
Let d be 1/(-4) - 8114/(-8). Calculate the remainder when 74 is divided by (-4)/(-18) - d/(-54).
17
Let j = -8 - -11. What is the remainder when 4 is divided by j?
1
Suppose l + u = -0*l, -2*l + 5*u = 0. What is the remainder when 3 + l + 15 + 1 is divided by 10?
9
Suppose -3*h + 192 = 3*h. Calculate the remainder when 125 is divided by h.
29
Suppose -64 = -3*l - 19. Calculate the remainder when 44 is divided by l.
14
Suppose 4*w = s - 57 + 314, 5*w = -3*s + 300. What is the remainder when w is divided by (-1)/(-5) - (-1068)/